(p) = 2245*p + 29190. Determine n(-13).
5
Let k(v) = -v**3 - 26*v**2 + 25*v - 613. What is k(-28)?
255
Let m(w) = -3*w**2 + 41*w + 357. Determine m(-6).
3
Let c(z) = -z**3 - 2*z**2 + 42*z + 15. What is c(7)?
-132
Let v(u) = -u**3 + 7*u**2 - 18*u - 10. What is v(-6)?
566
Let f(v) = -6*v**2 - 50*v + 439. Give f(6).
-77
Let d(w) = 38*w**2 - 121*w + 27. What is d(5)?
372
Let g(i) = -37*i - 149. Calculate g(-5).
36
Let w(h) = -3*h**2 - 6*h - 15. Determine w(-6).
-87
Let x(i) = -i**2 + 20*i + 5. Calculate x(4).
69
Let f(j) = 4*j**2 - 60*j + 34. Give f(17).
170
Let z(m) = -3*m**2 - 22*m + 6. Calculate z(-4).
46
Let t(g) = -12*g**3 + 32*g**2 + 10*g + 1. Determine t(3).
-5
Let k(b) = 40*b - 716. Give k(18).
4
Let a(h) = -29*h**2 + 711*h - 8. Give a(25).
-358
Let z(t) = 55*t + 3017. Calculate z(-55).
-8
Let k(c) = c**3 + 68*c**2 - 65*c + 303. What is k(-69)?
27
Let b(t) = 46*t - 1750. What is b(38)?
-2
Let d(c) = c**2 + 33518*c - 234683. What is d(7)?
-8
Let b(k) = -284*k + 1696. Give b(5).
276
Let p(m) = 2*m**2 - 22*m + 88. What is p(7)?
32
Let k(w) = -12*w**3 - 2*w**2 - 3*w + 9. Calculate k(-3).
324
Let h(r) = r**3 + 15*r**2 + 62*r + 71. Determine h(-9).
-1
Let c(l) = 26*l + 217. Calculate c(-7).
35
Let c(t) = -t**2 - 1157*t + 46. Give c(0).
46
Let b(x) = 11*x**2 + 6*x - 111. Calculate b(3).
6
Let f(s) = s**3 + 13*s**2 + 40*s + 39. Calculate f(-9).
3
Let d(u) = u**3 - 24*u**2 - 34*u - 83. Determine d(26).
385
Let b(x) = -x**2 + 115*x + 862. Determine b(-8).
-122
Let j(x) = -66*x + 6995. Give j(106).
-1
Let h(y) = 2*y**2 + 9*y - 3. What is h(-4)?
-7
Let x(o) = 2*o**3 - 4*o**2 + 9*o + 15. What is x(5)?
210
Let q(m) = -168*m + 1341. Calculate q(8).
-3
Let y(n) = 36*n - 128. What is y(-12)?
-560
Let l(p) = 145*p - 2000. What is l(8)?
-840
Let x(q) = -1370*q + 1. Determine x(0).
1
Let o(z) = -z**2 + 980*z - 30331. Calculate o(32).
5
Let l(c) = -c**2 - 53*c + 930. Calculate l(14).
-8
Let f(q) = -2*q**2 - 525*q - 4084. Determine f(-8).
-12
Let r(m) = -m**2 - 62*m + 668. Calculate r(12).
-220
Let w(m) = 15*m**2 + 264*m - 525. Give w(2).
63
Let f(d) = 3*d**2 - 2*d + 60. Determine f(7).
193
Let h(m) = m**2 + 44*m + 176. Determine h(-40).
16
Let v(a) = -131*a - 1098. What is v(-8)?
-50
Let h(l) = l**3 - 12*l**2 - 167*l + 1944. Give h(14).
-2
Let s(m) = -84*m + 5543. Determine s(66).
-1
Let g(q) = -q**2 + 925*q - 58287. Calculate g(68).
-11
Let r(s) = 38*s**3 - 683*s**2 - 14*s - 71. Determine r(18).
1
Let d(f) = f**3 + 23*f**2 + 11*f - 62. What is d(-2)?
0
Let w(j) = -j**2 + 24*j - 157. Determine w(15).
-22
Let l(n) = n**2 - 14*n - 43. Give l(14).
-43
Let j(u) = -u**3 - 78*u**2 - 157*u + 52. Give j(-76).
432
Let v(s) = -4160*s + 95671. Calculate v(23).
-9
Let r(j) = 2*j - 210. Give r(117).
24
Let r(p) = -9953*p + 169197. Determine r(17).
-4
Let p(f) = 2*f**3 - 13*f**2 - 11*f - 4. Determine p(6).
-106
Let h(p) = -p**3 + 9*p**2 + 7*p - 120. Calculate h(4).
-12
Let b(o) = 2*o**3 - 25*o**2 - 18*o + 42. Determine b(12).
-318
Let x(n) = n**3 + 4*n**2 - 31*n + 9. Give x(-9).
-117
Let l(m) = 22*m**2 + 286*m + 18. Give l(-13).
18
Let v(b) = 65*b - 3763. Give v(58).
7
Let o(a) = 3090*a - 173036. Calculate o(56).
4
Let l(p) = -2*p**2 + 30*p + 58. Determine l(16).
26
Let b(q) = 2*q**2 + 26*q + 145. What is b(0)?
145
Let z(b) = -b**2 + 12*b. What is z(8)?
32
Let c(m) = 158*m + 1761. Determine c(-11).
23
Let w(z) = z**3 - 23*z**2 + 26*z - 582. Give w(23).
16
Let l(a) = a**3 + 115*a**2 - 987*a - 367. Determine l(-123).
2
Let b(l) = 22*l**3 - 8*l**2 + 9*l + 33. Determine b(-2).
-193
Let v(a) = a**2 - 8*a - 98. Calculate v(-7).
7
Let n(z) = 894*z + 17. Determine n(0).
17
Let t(m) = -26*m**2 + 1218*m + 195. Determine t(47).
7
Let o(q) = -42*q**2 - 167*q + 680. Give o(4).
-660
Let u(d) = 44*d + 171. Calculate u(-4).
-5
Let t(r) = 2*r**3 - 111*r**2 + 56*r - 23. What is t(55)?
32
Let g(y) = 283*y + 559. What is g(-2)?
-7
Let p(s) = -23*s - 675. Give p(-33).
84
Let m(o) = -6*o**2 + 83*o - 38. Give m(13).
27
Let y(p) = -58*p - 7868. What is y(-136)?
20
Let l(y) = -10*y + 205. Calculate l(9).
115
Let n(d) = -5*d**2 + 139*d - 210. Calculate n(26).
24
Let x(t) = -27*t - 636. What is x(-25)?
39
Let q(o) = -338*o**2 + 346*o + 2. Give q(1).
10
Let y(u) = -35*u - 6. Calculate y(5).
-181
Let y(j) = -5*j**3 + 128*j**2 + 53*j - 35. Calculate y(26).
-9
Let t(p) = 5*p**2 - p - 21. What is t(4)?
55
Let b(v) = -24*v + 1986. Give b(84).
-30
Let o(b) = 50*b + 620. Calculate o(-12).
20
Let x(s) = -2088*s - 12521. Calculate x(-6).
7
Let u(i) = 2*i**2 - 10*i - 23. Give u(6).
-11
Let l(t) = -91*t + 561. Calculate l(6).
15
Let h(g) = 7*g**3 - g**2 - 3*g + 19. What is h(4)?
439
Let n(v) = -v**3 + 39*v**2 - 145*v + 182. Calculate n(35).
7
Let z(c) = -4751*c + 42755. Calculate z(9).
-4
Let d(x) = 92*x - 51. Give d(3).
225
Let v(d) = -2*d**2 - 38*d - 91. Calculate v(-11).
85
Let x(p) = 8*p + 287. Calculate x(-25).
87
Let w(i) = -242*i + 10636. What is w(44)?
-12
Let f(w) = w**2 + 22*w + 4. Determine f(-20).
-36
Let a(x) = 241*x + 2171. What is a(-9)?
2
Let l(c) = 17*c - 156. Give l(4).
-88
Let r(o) = o**2 + 27*o - 13. Determine r(-27).
-13
Let s(d) = -d**3 - 41*d**2 - 39*d + 5. Determine s(-40).
-35
Let r(o) = 35*o**2 + 10780*o - 12. Determine r(-308).
-12
Let v(m) = -m**3 + 9*m**2 + 25*m - 10. What is v(11)?
23
Let x(c) = c**3 - 17*c**2 + 51*c - 162. What is x(14)?
-36
Let d(o) = o**2 + 245*o - 987. Determine d(4).
9
Let k(g) = 11*g**2 - 448*g - 899. What is k(-2)?
41
Let y(o) = 849*o + 18680. Give y(-22).
2
Let i(n) = 2*n**3 - 75*n**2 - 135*n + 694. Calculate i(39).
-8
Let u(m) = m**2 + 36*m + 74. What is u(-33)?
-25
Let g(c) = 2*c**3 + 49*c**2 + 31*c + 55. What is g(-24)?
-113
Let y(a) = a**3 + 20*a**2 - 6*a - 469. Give y(-19).
6
Let g(b) = 897*b + 3623. Give g(-4).
35
Let u(a) = a**3 - 90*a**2 + 109*a - 9807. Determine u(90).
3
Let g(o) = 12*o**2 + 111*o - 461. Calculate g(4).
175
Let h(b) = -b**2 - 7*b. Give h(5).
-60
Let s(w) = -3*w**2 + 26*w + 8. Calculate s(6).
56
Let x(n) = -n**2 - 8*n + 88. Calculate x(-9).
79
Let p(x) = -7*x**2 + 4*x - 3. What is p(3)?
-54
Let p(k) = -2*k**2 - 9*k + 236. Calculate p(19).
-657
Let m(q) = 4*q**2 + 3*q + 26. Calculate m(0).
26
Let o(s) = 102*s - 60. Determine o(1).
42
Let f(a) = 60*a**2 + 5*a + 14. Determine f(-2).
244
Let m(g) = g**3 + 10*g**2 - 27*g - 261. Give m(-10).
9
Let x(u) = 50*u + 5. Give x(-5).
-245
Let b(r) = 464*r + 2799. Give b(-6).
15
Let o(s) = -2*s**3 + 22*s**2 + 10*s - 143. Give o(11).
-33
Let k(r) = 52*r - 1043. Calculate k(17).
-159
Let u(k) = -k**2 - 530*k + 42692. Determine u(71).
21
Let i(r) = 18*r + 76. What is i(0)?
76
Let s(x) = -246*x**3 + x - 2. Determine s(1).
-247
Let u(d) = d**3 - 13*d**2 + 39*d - 1. What is u(7)?
-22
Let w(o) = -5*o**3 + 15*o**2 - 15*o + 39. Calculate w(3).
-6
Let l(h) = -h**2 + 17*h + 488. Calculate l(-13).
98
Let q(u) = -u**2 + 64*u - 1061. Determine q(30).
-41
Let o(i) = 321*i + 647. Determine o(-2).
5
Let u(n) = 2*n**3 - 230*n**2 - 234*n + 138. Determine u(116).
-94
Let h(a) = 2*a**3 - a**2 - 33*a + 15. Give h(-4).
3
Let a(r) = -9*r**2 + 588*r + 2258. Give a(69).
-19
Let g(u) = -u**2 - 113*u - 2637. Calculate g(-39).
249
Let k(l) = -2784*l - 153126. What is k(-55)?
-6
Let b(s) = -399*s - 3016. Calculate b(-7).
-223
Let p(m) = 43*m - 1035. Determine p(25).
40
Let a(g) = -g**3 - 5*g**2 + 19*g + 73. Give a(-6).
-5
Let o(z) = -z**3 + 92*z**2 + 88*z + 567. Calculate o(93).
102
Let l(i) = -i**3 + 36*i**2 - 289*i + 8. Determine l(13).
138
Let r(n) = 2*n**2 + 2*n - 45. Determine r(-10).
135
Let z(f) = -f**3 - 21*f**2 - 7*f - 126. Determine z(-21).
21
Let t(l) = -122*l - 13531. Calculate t(-111).
11
Let v(n) = -4359*n - 43612. Give v(-10).
-22
Let i(b) = -b**3 + 15*b**2 - 8*b + 32. Calculate i(15).
-88
Let o(t) = -80*t + 68. What is o(1)?
-12
Let n(r) = -19*r - 182. Give n(-7).
-49
Let n(h) = -16*h**2 - 21*h + 49. What is n(2)?
-57
Let y(s) = 23*s - 994. Calculate y(58).
340
Let p(q) = 2*q**3 + 6*q**2 - 22*q + 8. Determine p(5).
298
Let s(f) = -33*f + 11. What is s(2)?
-55
Let k(a) = a**2 - 15*a - 13. Calculate k(0).
-13
Let i(r) = 248*r + 5. Calculate i(-1).
-243
Let u(a) = 8*a**2 - 11*a + 2. Give u(3).
41
Let k(y) = -353*y + 5300. What is k(15)?
5
Let h(k) = -k**3 - 38*k**2 + 164*k - 32. Determine h(-42).
136
Let s(y) 